{"id":50616,"date":"2021-04-22T21:42:36","date_gmt":"2021-04-22T19:42:36","guid":{"rendered":"http:\/\/burg.azurewebsites.net\/?page_id=50616"},"modified":"2021-04-23T03:21:39","modified_gmt":"2021-04-23T01:21:39","slug":"bienvenue","status":"publish","type":"page","link":"https:\/\/burg.azurewebsites.net\/?page_id=50616","title":{"rendered":"Bienvenue !"},"content":{"rendered":"<p style=\"text-align: center;\">Bienvenue, welcome, willkommen,<\/p>\n<p style=\"text-align: center;\">bonavinuta, bienvenido, benvenuto,\u00a0 baroukh haba,<\/p>\n<p style=\"text-align: center;\">\u0434\u043e\u0431\u0440\u043e \u043f\u043e\u0436\u0430\u043b\u043e\u0432\u0430\u0442\u044c, bem-vindo, y\u00f4koso,<\/p>\n<p style=\"text-align: center;\">\u6b22\u8fce,, \u0623\u0647\u0644\u0627 \u0648\u0633\u0647\u0644\u0627,\u00a0 ahlan wa sahlan<\/p>\n<p>&nbsp;<\/p>\n<p style=\"text-align: center;\"><a href=\"http:\/\/burg.azurewebsites.net\/wp-content\/uploads\/2021\/04\/DSC07490.jpg\"><img loading=\"lazy\" class=\"aligncenter wp-image-50579 size-large\" src=\"http:\/\/burg.azurewebsites.net\/wp-content\/uploads\/2021\/04\/DSC07490-1024x576.jpg\" alt=\"\" width=\"680\" height=\"383\" srcset=\"https:\/\/burg.azurewebsites.net\/wp-content\/uploads\/2021\/04\/DSC07490-1024x576.jpg 1024w, https:\/\/burg.azurewebsites.net\/wp-content\/uploads\/2021\/04\/DSC07490-300x169.jpg 300w, https:\/\/burg.azurewebsites.net\/wp-content\/uploads\/2021\/04\/DSC07490-768x432.jpg 768w, https:\/\/burg.azurewebsites.net\/wp-content\/uploads\/2021\/04\/DSC07490.jpg 1422w\" sizes=\"(max-width: 680px) 100vw, 680px\" \/><\/a><\/p>\n<p>&nbsp;<\/p>\n<p style=\"text-align: center;\">La beaut\u00e9 n\u2019est pas dans les choses, elle est dans nos yeux. (Bernard Noel)<\/p>\n<p style=\"text-align: center;\">Les photographies que nous aimons ont \u00e9t\u00e9 faites quand le photographe a su s\u2019effacer. (Edouard Boubat)<\/p>\n<p style=\"text-align: center;\">Il ne s\u2019agit pas de transmettre une vision mais de toucher les gens \u00e0 travers une image. (Ansel Adams)<\/p>\n<p style=\"text-align: center;\">Les photos sont l\u00e0, et il ne reste plus qu\u2019\u00e0 les prendre. (Robert Capa)<\/p>\n<p style=\"text-align: center;\">Si je savais prendre une bonne photographie, je le ferais \u00e0 chaque fois. (Doisneau)<\/p>\n<p style=\"text-align: center;\">Seules les images fortement saisies ont la facult\u00e9 de p\u00e9n\u00e9trer profond\u00e9ment dans la m\u00e9moire, d&rsquo;y rester, de devenir, en somme inoubliables. C&rsquo;est pour moi le seul crit\u00e8re d&rsquo;une bonne photographie. ( Ansel Adams )<\/p>\n<p>&nbsp;<\/p>\n","protected":false},"excerpt":{"rendered":"<p>Bienvenue, welcome, willkommen, bonavinuta, bienvenido, benvenuto,\u00a0 baroukh haba, \u0434\u043e\u0431\u0440\u043e \u043f\u043e\u0436\u0430\u043b\u043e\u0432\u0430\u0442\u044c, bem-vindo, y\u00f4koso, \u6b22\u8fce,, \u0623\u0647\u0644\u0627 \u0648\u0633\u0647\u0644\u0627,\u00a0 ahlan wa sahlan &nbsp; &nbsp; La beaut\u00e9 n\u2019est pas dans les choses, elle est dans nos yeux. (Bernard Noel) Les photographies que nous aimons ont \u00e9t\u00e9 faites quand le photographe a su s\u2019effacer. (Edouard Boubat) Il ne s\u2019agit pas de&#8230; <\/p>\n<div class=\"read-more navbutton\"><a href=\"https:\/\/burg.azurewebsites.net\/?page_id=50616\">Lire la suite<i class=\"fa fa-angle-double-right\"><\/i><\/a><\/div>\n","protected":false},"author":11,"featured_media":0,"parent":0,"menu_order":0,"comment_status":"closed","ping_status":"closed","template":"","meta":[],"_links":{"self":[{"href":"https:\/\/burg.azurewebsites.net\/index.php?rest_route=\/wp\/v2\/pages\/50616"}],"collection":[{"href":"https:\/\/burg.azurewebsites.net\/index.php?rest_route=\/wp\/v2\/pages"}],"about":[{"href":"https:\/\/burg.azurewebsites.net\/index.php?rest_route=\/wp\/v2\/types\/page"}],"author":[{"embeddable":true,"href":"https:\/\/burg.azurewebsites.net\/index.php?rest_route=\/wp\/v2\/users\/11"}],"replies":[{"embeddable":true,"href":"https:\/\/burg.azurewebsites.net\/index.php?rest_route=%2Fwp%2Fv2%2Fcomments&post=50616"}],"version-history":[{"count":5,"href":"https:\/\/burg.azurewebsites.net\/index.php?rest_route=\/wp\/v2\/pages\/50616\/revisions"}],"predecessor-version":[{"id":50672,"href":"https:\/\/burg.azurewebsites.net\/index.php?rest_route=\/wp\/v2\/pages\/50616\/revisions\/50672"}],"wp:attachment":[{"href":"https:\/\/burg.azurewebsites.net\/index.php?rest_route=%2Fwp%2Fv2%2Fmedia&parent=50616"}],"curies":[{"name":"wp","href":"https:\/\/api.w.org\/{rel}","templated":true}]}}